{"id":34,"date":"2020-11-15T10:34:23","date_gmt":"2020-11-15T10:34:23","guid":{"rendered":"https:\/\/winter-zeichnungsteile.at\/?page_id=34"},"modified":"2023-05-13T17:18:39","modified_gmt":"2023-05-13T17:18:39","slug":"richard-winter-zeichnungsteile","status":"publish","type":"page","link":"https:\/\/winter-zeichnungsteile.at\/","title":{"rendered":"Ing. Richard Winter Stahl Consult e.U."},"content":{"rendered":"\n\tSeit 30 Jahren erfolgreich im internationalen Beschaffungswesen f\u00fcr<br \/>\nZeichnungsteile aus<br \/>\nStahl, Edelstahl, Aluminium und Messing\n<h2>\n\t\tDienstleistungen\n\t<\/h2>\n\t<ul>\n<li>Vermittlung von Anfragen \/ Anboten zur Herstellung von kundenspezifischen Zeichnungsteilen<\/li>\n<li>Lieferantenvorstellung beim Kunden<\/li>\n<li>Kundenberatung hinsichtlich Herstellungsverfahren und Produktoptimierung<\/li>\n<li>Laufende Kundenbetreuung in Zusammenarbeit mit dem Vertrieb des Fertigungspartners<\/li>\n<li>Im Auftragsfall gesamte Abwicklung direkt zwischen Kunde und Fertigungspartner<\/li>\n<li>Alle Lieferanten sind entsprechend zertifiziert<\/li>\n<\/ul>\n<h2>\n\t\tProdukte\n\t<\/h2>\n\t<ul>\n<li>Gesenkschmiedeteile<\/li>\n<ul>\n<ul>\n<li>aus Stahl bis ca. 4 kg\/St\u00fcck und einer Umformfl\u00e4che bis max. 120 mm Dm<\/li>\n<li>einbaufertig bearbeitet und oberfl\u00e4chenbehandelt<\/li>\n<\/ul>\n<li>besondere St\u00e4rke:<\/li>\n<ul>\n<li>Stauchteile (Vollmaterial und Rohre bis 60 mm Ausgangsdurchmesser),<br \/>\nGewicht je nach Wellenl\u00e4nge auch h\u00f6her m\u00f6glich<\/li>\n<\/ul>\n<\/ul>\n<p><\/br><\/p>\n<li>CNC-Metallbearbeitungen<\/li>\n<ul>\n<ul>\n<li>aus Stahl, Edelstahl, Aluminium und Messing<\/li>\n<li>Oberfl\u00e4chenbehandlungen<\/li>\n<li>Baugruppenmontage<\/li>\n<\/ul>\n<\/ul>\n<ul>\n<li>CNC-Drehteile<\/li>\n<ul>\n<li>von der Stange bis 80 mm Dm<\/li>\n<li>Roboterbest\u00fcckung bis 150 mm Dm, max. 3 kg\/St\u00fcck<\/li>\n<li>Futter bis 350 mm Dm<\/li>\n<\/ul>\n<li>CNC-Fr\u00e4steile<\/li>\n<ul>\n<li>bis 1000 x 500 x 600 mm<\/li>\n<\/ul>\n<li>besondere St\u00e4rke:<\/li>\n<ul>\n<li>komplexe Dreh-Fr\u00e4s-Bearbeitungen mit hoher Pr\u00e4zision<\/li>\n<\/ul>\n<\/ul>\n\t<p>Wenn Sie als Lieferant an einer Zusammenarbeit interessiert sind, oder als potentieller Kunde neue Bezugsquellen f\u00fcr Ihre spezifischen Zeichnungsteile suchen freue ich mich auf Ihre Anfrage!<\/p>\n<h2>\n\t\tKontakt\n\t<\/h2>\n\t<strong>Ing. Richard Winter<br \/>\nStahl Consult e.U.<\/strong><br \/>\nLandsbergerstra\u00dfe 28a\/3<br \/>\n3100 St. P\u00f6lten<br \/>\n\u00d6sterreich\nFirmenbuch FN 142126i<br \/>\nUID Nr. ATU19795504\n\tTel: <a href=\"tel:00436642129921\">+43 664 21 299 21<\/a><br \/>\nE-Mail: <a href=\"mailto:stahlconsult@winter-zeichnungsteile.at\">stahlconsult@winter-zeichnungsteile.at<\/a>\n","protected":false},"excerpt":{"rendered":"<p>Seit 30 Jahren erfolgreich im internationalen Beschaffungswesen f\u00fcr Zeichnungsteile aus Stahl, Edelstahl, Aluminium und Messing Dienstleistungen Vermittlung von Anfragen \/ Anboten zur Herstellung von kundenspezifischen Zeichnungsteilen Lieferantenvorstellung beim Kunden Kundenberatung hinsichtlich Herstellungsverfahren und Produktoptimierung Laufende Kundenbetreuung in Zusammenarbeit mit dem Vertrieb des Fertigungspartners Im Auftragsfall gesamte Abwicklung direkt zwischen Kunde und Fertigungspartner Alle Lieferanten sind&hellip;<\/p>\n","protected":false},"author":1,"featured_media":0,"parent":0,"menu_order":0,"comment_status":"closed","ping_status":"closed","template":"","meta":[],"yoast_head":"<!-- This site is optimized with the Yoast SEO plugin v15.3 - https:\/\/yoast.com\/wordpress\/plugins\/seo\/ -->\n<title>Ing. Richard Winter Stahl Consult e.U. - Ing. Richard Winter Stahl Consult e.U.<\/title>\n<meta name=\"robots\" content=\"index, follow, max-snippet:-1, max-image-preview:large, max-video-preview:-1\" \/>\n<link rel=\"canonical\" href=\"https:\/\/winter-zeichnungsteile.at\/\" \/>\n<meta property=\"og:locale\" content=\"de_DE\" \/>\n<meta property=\"og:type\" content=\"article\" \/>\n<meta property=\"og:title\" content=\"Ing. Richard Winter Stahl Consult e.U. - Ing. Richard Winter Stahl Consult e.U.\" \/>\n<meta property=\"og:description\" content=\"Seit 30 Jahren erfolgreich im internationalen Beschaffungswesen f\u00fcr Zeichnungsteile aus Stahl, Edelstahl, Aluminium und Messing Dienstleistungen Vermittlung von Anfragen \/ Anboten zur Herstellung von kundenspezifischen Zeichnungsteilen Lieferantenvorstellung beim Kunden Kundenberatung hinsichtlich Herstellungsverfahren und Produktoptimierung Laufende Kundenbetreuung in Zusammenarbeit mit dem Vertrieb des Fertigungspartners Im Auftragsfall gesamte Abwicklung direkt zwischen Kunde und Fertigungspartner Alle Lieferanten sind&hellip;\" \/>\n<meta property=\"og:url\" content=\"https:\/\/winter-zeichnungsteile.at\/\" \/>\n<meta property=\"og:site_name\" content=\"Ing. Richard Winter Stahl Consult e.U.\" \/>\n<meta property=\"article:modified_time\" content=\"2023-05-13T17:18:39+00:00\" \/>\n<meta name=\"twitter:card\" content=\"summary_large_image\" \/>\n<meta name=\"twitter:label1\" content=\"Written by\">\n\t<meta name=\"twitter:data1\" content=\"admin\">\n\t<meta name=\"twitter:label2\" content=\"Est. reading time\">\n\t<meta name=\"twitter:data2\" content=\"1 Minute\">\n<script type=\"application\/ld+json\" class=\"yoast-schema-graph\">{\"@context\":\"https:\/\/schema.org\",\"@graph\":[{\"@type\":\"WebSite\",\"@id\":\"https:\/\/winter-zeichnungsteile.at\/#website\",\"url\":\"https:\/\/winter-zeichnungsteile.at\/\",\"name\":\"Ing. Richard Winter Stahl Consult e.U.\",\"description\":\"Zeichnungsteile\",\"potentialAction\":[{\"@type\":\"SearchAction\",\"target\":\"https:\/\/winter-zeichnungsteile.at\/?s={search_term_string}\",\"query-input\":\"required name=search_term_string\"}],\"inLanguage\":\"de-AT\"},{\"@type\":\"WebPage\",\"@id\":\"https:\/\/winter-zeichnungsteile.at\/#webpage\",\"url\":\"https:\/\/winter-zeichnungsteile.at\/\",\"name\":\"Ing. Richard Winter Stahl Consult e.U. - Ing. Richard Winter Stahl Consult e.U.\",\"isPartOf\":{\"@id\":\"https:\/\/winter-zeichnungsteile.at\/#website\"},\"datePublished\":\"2020-11-15T10:34:23+00:00\",\"dateModified\":\"2023-05-13T17:18:39+00:00\",\"inLanguage\":\"de-AT\",\"potentialAction\":[{\"@type\":\"ReadAction\",\"target\":[\"https:\/\/winter-zeichnungsteile.at\/\"]}]}]}<\/script>\n<!-- \/ Yoast SEO plugin. -->","_links":{"self":[{"href":"https:\/\/winter-zeichnungsteile.at\/index.php\/wp-json\/wp\/v2\/pages\/34"}],"collection":[{"href":"https:\/\/winter-zeichnungsteile.at\/index.php\/wp-json\/wp\/v2\/pages"}],"about":[{"href":"https:\/\/winter-zeichnungsteile.at\/index.php\/wp-json\/wp\/v2\/types\/page"}],"author":[{"embeddable":true,"href":"https:\/\/winter-zeichnungsteile.at\/index.php\/wp-json\/wp\/v2\/users\/1"}],"replies":[{"embeddable":true,"href":"https:\/\/winter-zeichnungsteile.at\/index.php\/wp-json\/wp\/v2\/comments?post=34"}],"version-history":[{"count":29,"href":"https:\/\/winter-zeichnungsteile.at\/index.php\/wp-json\/wp\/v2\/pages\/34\/revisions"}],"predecessor-version":[{"id":132,"href":"https:\/\/winter-zeichnungsteile.at\/index.php\/wp-json\/wp\/v2\/pages\/34\/revisions\/132"}],"wp:attachment":[{"href":"https:\/\/winter-zeichnungsteile.at\/index.php\/wp-json\/wp\/v2\/media?parent=34"}],"curies":[{"name":"wp","href":"https:\/\/api.w.org\/{rel}","templated":true}]}}